+ 195*d = -189. What is the units digit of d?
9
Let d = -30 + 31. Suppose 4*q + 226 + 269 = -3*h, -4*q - h = 493. What is the units digit of (-1)/(-2)*-1*(q + d)?
1
Let y(t) = 102*t - 94. Let n be y(-19). Let m = 2952 + n. What is the hundreds digit of m?
9
Let q be ((-99)/22)/((-21)/(-10) - 2). Let r = q + 50. Suppose -27 - 238 = -r*w. What is the tens digit of w?
5
Suppose -58*x + 685163 - 265447 = -1484250. What is the hundreds digit of x?
8
Suppose 5*x + 7*q - 12*q - 64405 = 0, -4*x - 2*q = -51518. Suppose 0 = -86*l + 109*l - x. What is the units digit of l?
0
Suppose 0*w = 3*w - 9. Let o(t) = 39*t**2 + 11. What is the tens digit of o(w)?
6
Let j(r) = -316*r - 51. What is the hundreds digit of j(-11)?
4
Let v be ((-13)/(-3))/(23/(-69)). What is the units digit of 1/(-1 - v/454*35)?
4
Let q be (-2)/((-12)/(-6)) - -3. Suppose 0 = -2*b + 2*o + 107 - 25, 0 = -3*b + q*o + 123. What is the units digit of b?
1
Let f = 952 - -2535. What is the tens digit of f?
8
Suppose 147 = 2*v - 6*v + u, u = -v - 43. Let i = -43 - v. Let c = i + 7. What is the units digit of c?
2
What is the thousands digit of (-8*(-3)/72)/((-1)/(-9579))?
3
Let n(j) = -8*j - 9. Let s be n(-3). Suppose s*h - 136 = 11*h. Suppose 2*b + r - 121 = 0, -32 = -b + 5*r + h. What is the units digit of b?
1
Let q = 1233 - -833. What is the units digit of q?
6
Suppose 265*g = 274*g + 10206. Let w = g - -2183. What is the units digit of w?
9
Let f(y) = -y. Let o(l) = l + 13. Let h(t) = 3*f(t) + o(t). What is the units digit of h(-7)?
7
Suppose 59*y - 1211254 + 385876 = 344592. What is the tens digit of y?
3
Let x = 90 + -90. Suppose -k = -x*k + n - 316, -5*k + 3*n = -1540. What is the tens digit of k?
1
Let a(q) = -q**3 - 10*q**2 - q - 8. Let y be a(-10). What is the tens digit of 123 + (-4 - -2) + y*2?
2
Suppose -30 - 89 = 17*q. What is the tens digit of -2 + (5 - 1076)/q?
5
Let m be (-56)/7 + 14 - 336. Let p = m - -1068. What is the units digit of p?
8
Suppose -23*j + 163*j = 4716040. What is the ten thousands digit of j?
3
Suppose r + 1452 + 794 = 4*k, 0 = -4*r - 5*k - 8879. What is the hundreds digit of (r/(-2))/((-45)/(-30))?
7
Let a(v) = -3*v - 12. Let x be a(-6). Suppose l - 4*r = -19, 17 = x*l - 7*l + 2*r. What is the units digit of (5/(l/126))/((-4)/10)?
5
Suppose 2*l - 49229 = 323*x - 320*x, 49211 = 2*l - x. What is the ten thousands digit of l?
2
Let t(h) = 28*h - 262. Let n be t(18). Let p = n - 170. What is the tens digit of p?
7
Let x = -530 - -1045. Let c = 756 - x. Let v = -162 + c. What is the units digit of v?
9
Let v be (-4)/14 - (-4416)/168. Suppose 2400 = -v*s + 32*s. What is the hundreds digit of s?
4
Suppose -4*t + 183 = 3*i, 2*i - t - 56 = 77. Let g = 482 + i. What is the tens digit of g?
4
Let x(v) = -7*v**2 - 6*v + 12. Let p be x(2). What is the units digit of (-1)/((p/7)/1024)?
6
Let c(j) = -j**2 + 45*j + 125. Let v be c(47). Suppose -v*s = -47*s + 1552. What is the units digit of s?
7
Let r be (-3256)/72 - (-2)/9. What is the units digit of (-63)/r - 2186/(-10)?
0
Suppose -15*i + 14*i = 312. Let q be (30/8)/((-3)/i). Let w = q + -141. What is the tens digit of w?
4
Suppose -4*w + 186469 = -9*b + 14*b, -2*b = 4*w - 74578. What is the hundreds digit of b?
2
Let f(s) = 6*s - 76. Let y be f(20). What is the hundreds digit of (-66)/y + 706/4?
1
Suppose -31 - 1 = -8*t. Suppose 3*p - 3118 = -c + 6*c, 0 = -p - t*c + 1045. What is the thousands digit of p?
1
Let z = -122 - -1074. Suppose -5*h + z = -1108. What is the units digit of h?
2
Let l = 164 + -269. Let r = l - -535. What is the units digit of r?
0
Let b(a) = 6*a + 35. Let x(r) = r. Let c be x(3). Suppose 4*g + g - 4*y = 0, -5*g = c*y. What is the units digit of b(g)?
5
Suppose r = 4861 + 3391. What is the hundreds digit of r?
2
Let h(m) = m**2 + 20*m + 12. Let n be h(-17). Let u be (1 - 1) + (n - -6 - 2). What is the tens digit of 1074/14 + (-1 - 45/u)?
7
Let l(w) = 4447*w - 2387. What is the tens digit of l(4)?
0
Let l(h) = h**2 + 6*h + 14. Let w be l(-2). Suppose -w*s = -1764 - 2700. What is the hundreds digit of s?
7
Suppose 2*p + 5*j - 47484 = 0, 167*p + 23733 = 168*p - 2*j. What is the units digit of p?
7
Suppose 7*f = 24 - 38. Let y(u) = -226*u - 43. What is the tens digit of y(f)?
0
Let q = 139 + -135. Suppose 50 = q*u - 10. What is the tens digit of u?
1
Suppose -i + 4*o = 2*i - 60, 4*i + 5*o - 80 = 0. Suppose -2*u + i = 3*u. Suppose b + u = 274. What is the hundreds digit of b?
2
Let v be (62/(-3))/(4*3/(-450)). Let h = 1305 - v. What is the hundreds digit of h?
5
Let r(z) = 26895*z - 729. What is the thousands digit of r(2)?
3
Suppose -4*g = -4*r - 37920 - 32132, 3*r = 4*g - 70060. What is the units digit of g?
1
Suppose 2*u = 5*s - 56528, -35*s + 38*s = 5*u + 33894. What is the ten thousands digit of s?
1
Suppose 8*z - 33728 - 5968 = 0. What is the units digit of z?
2
Suppose 26*k - 6*k - 6440 = 0. Let s = k - 299. What is the tens digit of s?
2
Let h(n) = 1328*n**2 + 52*n + 263. What is the ten thousands digit of h(-5)?
3
Let q = 2757 + -2614. What is the units digit of q?
3
Suppose 4*m + 20 = 0, 2*d - 15 + 117 = 2*m. What is the tens digit of 2328*(4 + d/16)?
6
Suppose 0 = 5*m - 81 - 19. What is the hundreds digit of 0*4/m + (-179)/(-1)?
1
Let r(b) = 580*b**3 - 4*b**2 - 3*b + 12. Let s be r(2). Suppose 19*z - 13363 - s = 0. What is the tens digit of z?
4
Suppose 26*v - 25244 + 17527 = 80943. What is the thousands digit of v?
3
Let v be (-504)/5 + 2/(-10). Suppose 0 = -13*o + 21*o + 1416. Let t = v - o. What is the units digit of t?
6
Suppose 5*q - 3 + 0 = -g, 0 = -3*g - q + 9. Suppose -2*n - 117 = -k, -4*n - 526 = -g*k - 177. What is the tens digit of k?
1
Let a(h) = h**3 + 2*h**2 - h + 1. Suppose 0 = -3*b + 3*x + 2*x - 41, 4*x = 5*b + 51. Let n(z) = -z - 3. Let f be n(b). What is the tens digit of a(f)?
9
Suppose 119*f = -32528 + 327410. What is the hundreds digit of f?
4
Let k be (-1617)/(-14)*2/(-3). Let w = 92 - k. What is the hundreds digit of w?
1
Let j(y) = -2*y - 8. Let b be j(-7). Suppose -2*l - 26 = -4*x, 0 - b = -x + l. Suppose -k - x = -127. What is the hundreds digit of k?
1
Let w be (-4)/(12/9) + 2. Let r(s) = 8*s**2 - s - 3. Let c be r(w). Let o(i) = 14*i + 20. What is the tens digit of o(c)?
0
Suppose -2*x = 4*i - 27030, -x + 7034 = -i - 6496. What is the ten thousands digit of x?
1
Suppose -4*b + 5*o + 1756 = 0, 2*b - 1768 = -2*b + 2*o. Suppose 0 = -3*v - 12, -4*q + 4*v = 2*v - b. What is the units digit of q?
9
Let q(u) = 744*u + 481. What is the thousands digit of q(2)?
1
Let v = -7372 - -9498. What is the thousands digit of v?
2
Let q = 46 + -56. Let y be -1*45*(-3 - 26/q). Let z = y - 0. What is the tens digit of z?
1
Let n(z) = -z**3 - 13*z**2 + 42*z - 84. Let k be n(-20). Suppose k = -15*g + 17*g. What is the hundreds digit of g?
9
Let m(s) = -s**3 - 16*s**2 - 16*s - 19. Let w(r) = 3*r**3 - 3*r + 3. Let c be w(-2). Let g be m(c). What is the units digit of 1 + (-8)/g + 56?
9
Let l be (1/2)/((-2)/(-118 - -2)). Suppose -2*g + g - l = 0. Let c = g - -50. What is the tens digit of c?
2
Let y(k) = k + 38. Let x(z) = -103 - 38 - 83 - 5*z + 35. Let t(v) = 2*x(v) + 11*y(v). What is the units digit of t(-17)?
3
Let n be 6/16 + 9 + 59490/80. Suppose -n = -2*y - 2*s + 115, 5*y - 2185 = -2*s. What is the tens digit of y?
3
Let i = 47820 - 26952. What is the units digit of i?
8
Let q(m) = 27*m**2 + 66*m + 930. What is the tens digit of q(-21)?
5
Let x be 3 + 5 + -4 + 2. Suppose -2*i - 144 = x*i. What is the tens digit of (381/9)/((-3)/i) + 2?
5
Let h(c) = 2*c**3 - 2*c**2 - 2*c + 20. Let j(x) = x**2 + 11*x + 10. Let n be j(-10). Suppose n = 12*z - 13*z. What is the units digit of h(z)?
0
Suppose 4*v = -2*d + 9202, 3*v - 4*d + 0*d - 6885 = 0. Suppose 7*c = 16761 - v. What is the units digit of c?
6
Let y(u) = -327*u + 2033. What is the units digit of y(-52)?
7
Suppose 22*n + 810 = 67*n. Let z(j) = 6*j**2 - 22*j + 8. What is the units digit of z(n)?
6
Let q(c) = 8363*c - 740. What is the units digit of q(3)?
9
Let a(p) = p**2 + 15*p - 40. Let i be a(-13). Let y = i - -71. Suppose -141 = y*l - 441. What is the tens digit of l?
6
Let g(c) = -c**2 - 13*c + 10. Let z = -39 - -32. Let w be g(z). Suppose -w = -d + 37. What is the tens digit of d?
8
Let s be (7442/(-4))/1*(-57 - -55). Suppose 5*a